{"id":1947,"date":"2021-10-27T11:25:03","date_gmt":"2021-10-27T11:25:03","guid":{"rendered":"https:\/\/gravymedal.com\/loja\/?post_type=product&#038;p=1947"},"modified":"2023-07-17T12:05:06","modified_gmt":"2023-07-17T12:05:06","slug":"t-shirts-personalizadas","status":"publish","type":"product","link":"https:\/\/gravymedal.com\/loja\/produto\/t-shirts-personalizadas\/","title":{"rendered":"T-Shirts Personalizadas"},"content":{"rendered":"<p>Crie um design exclusivo e garanta um vestu\u00e1rio corporativo com a identidade da sua marca, ou reforce a sua equipa desportiva com equipamentos novos, atrav\u00e9s da Personaliza\u00e7\u00e3o de T-Shirts.<\/p>\n<p>Disp\u00f5e de diversas op\u00e7\u00f5es de personaliza\u00e7\u00e3o, desde o material que deseja, o tipo de t-shirt e decote que procura, ou o tipo de design personaliza\u00e7\u00e3o que pretende. Envie o seu Pedido de Cota\u00e7\u00e3o com os dados mencionados anteriormente e receba o seu vestu\u00e1rio personalizado.<\/p>\n<p>&nbsp;<\/p>\n<h5><strong>Personaliza\u00e7\u00f5es Dispon\u00edveis:<\/strong><\/h5>\n<p><strong>Material: <\/strong>100% Algod\u00e3o | 100% Poli\u00e9ster<strong><br \/>\n<\/strong><strong>Cor: <\/strong>Amarelo | Azul | Branco | Cinza | Laranja | Preto | Verde | Vermelho<strong><br \/>\n<\/strong><strong>Tamanho: <\/strong>XS | S | M | L | XL | XXL<strong><br \/>\n<\/strong><strong>Local da Personaliza\u00e7\u00e3o: <\/strong>Frente &#8211; Peito Esquerdo | Frente &#8211; Centro | Mangas &#8211; Direita e Esquerda | Frente e Costas &#8211; Total<\/p>\n<p>&nbsp;<\/p>\n<h5>Como Fazer?<\/h5>\n<ol>\n<li>Idealize o Produto Personalizado que pretende e fa\u00e7a o seu Pedido de Cota\u00e7\u00e3o.<\/li>\n<li>Ao submeter o Pedido de Cota\u00e7\u00e3o necessita de indicar as seguintes informa\u00e7\u00f5es:\n<ol>\n<li>Descrever o Design e Informa\u00e7\u00e3o que pretende inserir no produto;<\/li>\n<li>Material e as Dimens\u00f5es para o produto;<\/li>\n<li>Quantidade e Prazo de Entrega;<\/li>\n<li>O Investimento dispon\u00edvel para a Personaliza\u00e7\u00e3o deste Produto;<\/li>\n<\/ol>\n<\/li>\n<li>\u00a0Aguarde pelo nosso contacto.<\/li>\n<\/ol>\n<p>Em caso de d\u00favidas contacte-nos atrav\u00e9s do nosso <a href=\"https:\/\/gravymedal.com\/loja\/formulario-de-contacto\/\">website<\/a>\u00a0ou pelo 243 709 000\/1<\/p>\n","protected":false},"excerpt":{"rendered":"<p>Procura uma T-Shirt Personalizada para os seus Colaboradores ou para Oferecer a uma Pessoa Especial? Personalize-a com a Gravymedal! Simplesmente envie um Pedido de Cota\u00e7\u00e3o com o deseja e recebe na morada que indicar.<\/p>\n","protected":false},"featured_media":1975,"comment_status":"closed","ping_status":"closed","template":"","meta":[],"_links":{"self":[{"href":"https:\/\/gravymedal.com\/loja\/wp-json\/wp\/v2\/product\/1947"}],"collection":[{"href":"https:\/\/gravymedal.com\/loja\/wp-json\/wp\/v2\/product"}],"about":[{"href":"https:\/\/gravymedal.com\/loja\/wp-json\/wp\/v2\/types\/product"}],"replies":[{"embeddable":true,"href":"https:\/\/gravymedal.com\/loja\/wp-json\/wp\/v2\/comments?post=1947"}],"version-history":[{"count":2,"href":"https:\/\/gravymedal.com\/loja\/wp-json\/wp\/v2\/product\/1947\/revisions"}],"predecessor-version":[{"id":4335,"href":"https:\/\/gravymedal.com\/loja\/wp-json\/wp\/v2\/product\/1947\/revisions\/4335"}],"wp:featuredmedia":[{"embeddable":true,"href":"https:\/\/gravymedal.com\/loja\/wp-json\/wp\/v2\/media\/1975"}],"wp:attachment":[{"href":"https:\/\/gravymedal.com\/loja\/wp-json\/wp\/v2\/media?parent=1947"}],"curies":[{"name":"wp","href":"https:\/\/api.w.org\/{rel}","templated":true}]}}