{"id":493,"date":"2020-11-18T12:25:06","date_gmt":"2020-11-18T11:25:06","guid":{"rendered":"https:\/\/gravymedal.com\/loja\/?post_type=product&#038;p=493"},"modified":"2023-07-17T13:38:18","modified_gmt":"2023-07-17T13:38:18","slug":"trofeu-hat-trick","status":"publish","type":"product","link":"https:\/\/gravymedal.com\/loja\/produto\/trofeu-hat-trick\/","title":{"rendered":"Trof\u00e9u Hat Trick"},"content":{"rendered":"","protected":false},"excerpt":{"rendered":"<p><strong>TROF\u00c9U HAT TRICK \u2013 CRIE OS SEUS PR\u00c9MIOS ONLINE<\/strong><br \/>\nTrof\u00e9u Hat Trick desenvolvido em PVC de 3mm de espessura. O seu topo \u00e9 composto por uma pe\u00e7a de dois c\u00edrculos, com 150mm de comprimento, que permite evidenciar o seu evento e log\u00f3tipo. Entregue o reconhecimento merecido aos seus atletas, parceiros, colaboradores, familiares ou amigos. Carregue um design ou personalize diretamente na nossa Loja e ofere\u00e7a um trof\u00e9u original e exclusivo.<\/p>\n<p><strong>Materiais:\u00a0<\/strong>PVC<br \/>\n<strong>Personaliza\u00e7\u00e3o:<\/strong>\u00a0Atrav\u00e9s de Impress\u00e3o UV<strong><br \/>\nPeso aproximado:\u00a0<\/strong>0,077 Kg<strong><br \/>\nDimens\u00e3o:\u00a0<\/strong>150x180mm<strong><br \/>\nFabrico:\u00a0<\/strong>Fabricado em Portugal<\/p>\n<p>&nbsp;<\/p>\n","protected":false},"featured_media":2813,"comment_status":"closed","ping_status":"closed","template":"","meta":[],"_links":{"self":[{"href":"https:\/\/gravymedal.com\/loja\/wp-json\/wp\/v2\/product\/493"}],"collection":[{"href":"https:\/\/gravymedal.com\/loja\/wp-json\/wp\/v2\/product"}],"about":[{"href":"https:\/\/gravymedal.com\/loja\/wp-json\/wp\/v2\/types\/product"}],"replies":[{"embeddable":true,"href":"https:\/\/gravymedal.com\/loja\/wp-json\/wp\/v2\/comments?post=493"}],"version-history":[{"count":4,"href":"https:\/\/gravymedal.com\/loja\/wp-json\/wp\/v2\/product\/493\/revisions"}],"predecessor-version":[{"id":4318,"href":"https:\/\/gravymedal.com\/loja\/wp-json\/wp\/v2\/product\/493\/revisions\/4318"}],"wp:featuredmedia":[{"embeddable":true,"href":"https:\/\/gravymedal.com\/loja\/wp-json\/wp\/v2\/media\/2813"}],"wp:attachment":[{"href":"https:\/\/gravymedal.com\/loja\/wp-json\/wp\/v2\/media?parent=493"}],"curies":[{"name":"wp","href":"https:\/\/api.w.org\/{rel}","templated":true}]}}