{"id":525,"date":"2020-11-18T18:24:57","date_gmt":"2020-11-18T17:24:57","guid":{"rendered":"https:\/\/gravymedal.com\/loja\/?post_type=product&#038;p=525"},"modified":"2023-07-17T13:35:41","modified_gmt":"2023-07-17T13:35:41","slug":"trofeu-spin","status":"publish","type":"product","link":"https:\/\/gravymedal.com\/loja\/produto\/trofeu-spin\/","title":{"rendered":"Trof\u00e9u Spin"},"content":{"rendered":"","protected":false},"excerpt":{"rendered":"<p><strong>TROF\u00c9U SPIN \u2013 CRIE OS SEUS PR\u00c9MIOS ONLINE<\/strong><br \/>\nTrof\u00e9u fabricado em acr\u00edlico de 5mm e 3mm de espessura. Possibilita a op\u00e7\u00e3o de incluir rota\u00e7\u00e3o na pe\u00e7a circular central. Com uma base de tr\u00eas n\u00edveis, disponibiliza uma personaliza\u00e7\u00e3o em diversas cores. Entregue o reconhecimento merecido aos seus atletas, parceiros, colaboradores, familiares ou amigos. Carregue um design ou personalize diretamente na nossa Loja e ofere\u00e7a um trof\u00e9u original e exclusivo.<\/p>\n<p><strong>Materiais:\u00a0<\/strong>Acr\u00edlico e Dibond Prateado<br \/>\n<strong>Personaliza\u00e7\u00e3o:<\/strong>\u00a0Atrav\u00e9s de Impress\u00e3o UV<strong><br \/>\nPeso aproximado:\u00a0<\/strong>0,229 Kg<strong><br \/>\nDimens\u00e3o:\u00a0<\/strong>110x220mm<strong><br \/>\nFabrico:\u00a0<\/strong>Fabricado em Portugal<\/p>\n<p>&nbsp;<\/p>\n","protected":false},"featured_media":2859,"comment_status":"closed","ping_status":"closed","template":"","meta":[],"_links":{"self":[{"href":"https:\/\/gravymedal.com\/loja\/wp-json\/wp\/v2\/product\/525"}],"collection":[{"href":"https:\/\/gravymedal.com\/loja\/wp-json\/wp\/v2\/product"}],"about":[{"href":"https:\/\/gravymedal.com\/loja\/wp-json\/wp\/v2\/types\/product"}],"replies":[{"embeddable":true,"href":"https:\/\/gravymedal.com\/loja\/wp-json\/wp\/v2\/comments?post=525"}],"version-history":[{"count":5,"href":"https:\/\/gravymedal.com\/loja\/wp-json\/wp\/v2\/product\/525\/revisions"}],"predecessor-version":[{"id":2855,"href":"https:\/\/gravymedal.com\/loja\/wp-json\/wp\/v2\/product\/525\/revisions\/2855"}],"wp:featuredmedia":[{"embeddable":true,"href":"https:\/\/gravymedal.com\/loja\/wp-json\/wp\/v2\/media\/2859"}],"wp:attachment":[{"href":"https:\/\/gravymedal.com\/loja\/wp-json\/wp\/v2\/media?parent=525"}],"curies":[{"name":"wp","href":"https:\/\/api.w.org\/{rel}","templated":true}]}}